 7) to base 6.
-135
What is 1233 (base 4) in base 9?
133
What is -20 (base 14) in base 13?
-22
Convert -10 (base 12) to base 7.
-15
What is -122 (base 10) in base 5?
-442
Convert 1 (base 6) to base 4.
1
-28 (base 15) to base 9
-42
80 (base 9) to base 2
1001000
3 (base 14) to base 8
3
Convert 42 (base 8) to base 11.
31
What is 3 (base 14) in base 5?
3
What is -77 (base 15) in base 4?
-1300
4 (base 14) to base 9
4
100000 (base 2) to base 16
20
What is 1 (base 11) in base 4?
1
What is 13 (base 8) in base 2?
1011
Convert -303 (base 4) to base 3.
-1220
What is -9 (base 12) in base 13?
-9
-1 (base 8) to base 13
-1
Convert 4 (base 7) to base 2.
100
Convert -23 (base 16) to base 3.
-1022
5 (base 7) to base 13
5
Convert -2 (base 6) to base 16.
-2
What is 119 (base 15) in base 5?
1444
-5 (base 7) to base 12
-5
3 (base 15) to base 2
11
Convert -3 (base 13) to base 5.
-3
What is -2 (base 13) in base 2?
-10
Convert 3 (base 10) to base 8.
3
-30 (base 10) to base 9
-33
13 (base 4) to base 3
21
Convert -60 (base 16) to base 6.
-240
Convert 3 (base 11) to base 13.
3
2 (base 4) to base 11
2
What is -b (base 13) in base 6?
-15
-a (base 12) to base 11
-a
Convert -18 (base 16) to base 2.
-11000
What is -112 (base 4) in base 5?
-42
Convert -1210 (base 3) to base 16.
-30
Convert -134 (base 5) to base 3.
-1122
23 (base 13) to base 7
41
Convert 0 (base 2) to base 9.
0
346 (base 10) to base 16
15a
b (base 12) to base 7
14
0 (base 7) to base 11
0
What is 1400 (base 6) in base 9?
440
-100 (base 4) to base 5
-31
-164 (base 11) to base 8
-277
Convert 110000 (base 2) to base 11.
44
-100 (base 2) to base 8
-4
Convert 12 (base 9) to base 13.
b
9 (base 12) to base 11
9
What is -21 (base 13) in base 15?
-1c
What is 4b (base 15) in base 7?
131
1 (base 14) to base 11
1
Convert -24 (base 11) to base 4.
-122
20 (base 8) to base 9
17
What is -2 (base 8) in base 5?
-2
Convert -3a (base 12) to base 9.
-51
Convert 3 (base 13) to base 9.
3
-5 (base 9) to base 11
-5
What is -f (base 16) in base 7?
-21
-402 (base 7) to base 5
-1243
What is -142 (base 6) in base 7?
-116
What is 371 (base 9) in base 11?
25a
1 (base 11) to base 12
1
1 (base 8) to base 9
1
2000 (base 3) to base 4
312
206 (base 9) to base 11
143
What is -23 (base 4) in base 7?
-14
-2 (base 9) to base 8
-2
Convert 1 (base 13) to base 12.
1
What is -11 (base 11) in base 13?
-c
-1 (base 13) to base 15
-1
What is 20 (base 14) in base 6?
44
-3 (base 14) to base 11
-3
What is -1101100 (base 2) in base 3?
-11000
What is -200 (base 6) in base 13?
-57
Convert -197 (base 10) to base 7.
-401
Convert -6 (base 13) to base 7.
-6
Convert -55 (base 15) to base 14.
-5a
Convert -3 (base 6) to base 10.
-3
What is -33 (base 5) in base 6?
-30
Convert 3 (base 9) to base 2.
11
2 (base 16) to base 11
2
-2 (base 3) to base 5
-2
Convert -13 (base 13) to base 16.
-10
What is 191 (base 12) in base 14?
141
Convert 2 (base 15) to base 14.
2
Convert 28 (base 9) to base 14.
1c
-151 (base 6) to base 15
-47
2 (base 10) to base 12
2
Convert 5 (base 15) to base 11.
5
Convert 2 (base 8) to base 10.
2
What is 4 (base 6) in base 14?
4
What is 344 (base 7) in base 9?
218
What is -12 (base 7) in base 14?
-9
What is -6 (base 11) in base 3?
-20
Convert -59 (base 12) to base 4.
-1011
What is 22 (base 5) in base 2?
1100
What is -23 (base 7) in base 5?
-32
Convert -5 (base 16) to base 6.
-5
Convert -23 (base 13) to base 8.
-35
25 (base 7) to base 4
103
Convert 111 (base 10) to base 2.
1101111
What is -e (base 16) in base 2?
-1110
6 (base 7) to base 3
20
What is 1011 (base 2) in base 3?
102
-12 (base 7) to base 10
-9
-2 (base 3) to base 4
-2
Convert -4 (base 12) to base 10.
-4
Convert -29 (base 13) to base 4.
-203
-5 (base 13) to base 6
-5
Convert 2 (base 10) to base 4.
2
0 (base 2) to base 9
0
7 (base 15) to base 3
21
What is 187 (base 9) in base 7?
316
Convert -101110 (base 2) to base 3.
-1201
Convert -7 (base 11) to base 5.
-12
Convert a (base 13) to base 15.
a
Convert 8 (base 14) to base 15.
8
Convert -2 (base 13) to base 12.
-2
Convert 2122 (base 3) to base 12.
5b
Convert 200 (base 3) to base 2.
10010
Convert -10 (base 4) to base 5.
-4
What is -4 (base 9) in base 10?
-4
What is 4 (base 15) in base 14?
4
12 (base 6) to base 2
1000
5 (base 13) to base 11
5
Convert 12 (base 15) to base 8.
21
What is 10 (base 2) in base 9?
2
What is -5 (base 15) in base 9?
-5
What is -19 (base 10) in base 6?
-31
Convert -10 (base 5) to base 10.
-5
Convert -5 (base 9) to base 13.
-5
What is 4 (base 6) in base 5?
4
What is 1012 (base 3) in base 13?
26
-22 (base 10) to base 8
-26
Convert 12 (base 14) to base 2.
10000
-2 (base 3) to base 13
-2
What is -7 (base 14) in base 12?
-7
Convert 6 (base 14) to base 9.
6
301 (base 6) to base 4
1231
Convert 4 (base 12) to base 6.
4
Convert 12 (base 12) to base 11.
13
What is 211 (base 4) in base 10?
37
9 (base 10) to base 2
1001
Convert -c (base 14) to base 16.
-c
What is 7 (base 14) in base 15?
7
What is 1 (base 2) in base 3?
1
3 (base 7) to base 13
3
What is -205 (base 9) in base 5?
-1132
What is 2 (base 15) in base 16?
2
33 (base 9) to base 3
1010
Convert 0 (base 13) to base 11.
0
Convert -5 (base 14) to base 12.
-5
What is -11 (base 4) in base 16?
-5
What is 1 (base 2) in base 5?
1
11012 (base 3) to base 6
305
What is -11 (base 7) in base 2?
-1000
What is -1410 (base 5) in base 10?
-230
Convert 3 (base 10) to base 8.
3
What is -6 (base 14) in base 8?
-6
Convert -10203 (base 4) to base 15.
-146
What is -31 (base 11) in base 6?
-54
-6 (base 11) to base 6
-10
20 (base 6) to base 13
c
Convert 1001 (base 2) to base 5.
14
What is 16 (base 7) in base 14?
d
What is -101021 (base 3) in base 8?
-425
What is -30 (base 4) in base 16?
-c
What is -4 (base 8) in base 3?
-11
-2 (base 3) to base 14
-2
What is -2021 (base 4) in base 10?
-137
What is 4 (base 16) in base 15?
4
Convert -128 (base 9) to base 16.
-6b
Convert 44 (base 12) to base 8.
64
What is -4 (base 8) in base 2?
-100
-66 (base 16) to base 5
-402
Convert 103 (base 5) to base 13.
22
What is -14 (base 5) in base 4?
-21
0 (base 5) to base 14
0
Convert -99 (base 10) to base 16.
-63
Convert -79 (base 11) to base 5.
-321
What is -1 (base 9) in base 12?
-1
Convert -1 (base 8) to base 9.
-1
What is b (base 15) in base 2?
1011
What is -a9 (base 11) in base 12?
-9b
What is -2 (base 3) in base 9?
-2
Convert -111 (base 3) to base 4.
-31
21 (base 6) to base 5
23
Convert -a (base 14) to base 11.
-a
Convert 3 (base 10) to base 7.
3
Convert 124 (base 10) to base 2.
1111100
2 (base 3) to base 14
2
-35 (base 16) to base 9
-58
What is -1 (base 8) in base 12?
-1
What is 23 (base 13) in base 10?
29
What is 10001 (base 2) in base 14?
13
2f (base 16) to base 12
3b
What is -36 (base 8) in base 4?
-132
Convert -4 (base 13) to base 11.
-4
Convert -2 (base 9) to base 10.
-2
10 (base 8) to base 13
8
What is -1312 (base 5) in base 16?
-cf
Convert -2 (base 14) to base 8.
-2
What is -71 (base 13) in base 7?
-161
Convert 1 (base 6) to base 15.
1
What is -5 (base 8) in base 9?
-5
Convert 101 (base 4) to base 11.
16
-254 (base 6) to base 2
-1101010
Convert -100020 (base 3) to base 6.
-1053
Convert -7 (base 11) to base 2.
-111
24 (base 12) to base 8
34
What is 8 (base 9) in base 6?
12
-2 (base 9) to base 11
-2
Convert 30 (base 9) to base 10.
27
What is -20 (base 9) in base 10?
-18
98 (base 14) to base 12
b2
1 (base 15) to base 7
1
What is -10 (base 2) in base 10?
-2
What is -15 (base 12) in base 13?
-14
Convert -5 (base 15) to base 13.
-5
What is -46 (base 7) in base 15?
-24
35 (base 6) to base 11
21
Convert -110 (base 3) to base 11.
-11
Convert 12 (base 15) to base 10.
17
What is -1 (base 7) in base 3?
-1
Convert 3 (base 7) to base 11.
3
-46 (base 9) to base 15
-2c
Convert 47 (base 13) to base 9.
65
Convert 444 (base 7) to base 11.
198
What is -9 (base 12) in base 13?
-9
Convert 52 (base 10) to base 9.
57
Convert 2 (base 9) to base 8.
2
-7e (base 16) to base 10
-126
What is -424 (base 5) in base 14?
-82
Convert 5 (base 7) to base 13.
5
30 (base 4) to base 15
c
What is -170 (base 8) in base 15?
-80
What is d (base 14) in base 9?
14
Convert -13 (base 5) to base 14.
-8
What is 16 (base 12) in base 13?
15
Convert 12 (base 10) to base 12.
10
What is d (base 15) in base 4?
31
What is 159 (base 10) in base 6?
423
What is -2 (base 10) in b